of 47854582?
2, 23, 29, 1237
List the prime factors of 2094323250.
2, 3, 5, 2792431
List the prime factors of 2566394835.
3, 5, 2027, 84407
What are the prime factors of 39273054?
2, 3, 6545509
List the prime factors of 1903708231.
1903708231
List the prime factors of 200055864.
2, 3, 17, 19, 131, 197
What are the prime factors of 192259448?
2, 67, 409, 877
List the prime factors of 23174463.
3, 13, 43, 1063
List the prime factors of 1023650183.
1023650183
List the prime factors of 52300072.
2, 11, 97, 557
List the prime factors of 14385106.
2, 7192553
List the prime factors of 403212432.
2, 3, 7, 67, 17911
What are the prime factors of 1085783092?
2, 83, 3270431
List the prime factors of 3507554331.
3, 17959, 21701
List the prime factors of 217256400.
2, 3, 5, 29, 2081
List the prime factors of 42667257.
3, 14222419
What are the prime factors of 8880352?
2, 13, 21347
List the prime factors of 384629382.
2, 3, 21368299
What are the prime factors of 2238754535?
5, 79, 1289, 4397
List the prime factors of 56799773.
37, 107, 14347
List the prime factors of 81926193.
3, 67, 197, 2069
List the prime factors of 1259851468.
2, 19, 487, 34039
What are the prime factors of 141025730?
2, 5, 14102573
What are the prime factors of 187414690?
2, 5, 41, 11149
List the prime factors of 165254987.
37, 271, 16481
List the prime factors of 5884137843.
3, 977, 2007553
List the prime factors of 667475466.
2, 3, 7, 2053, 7741
List the prime factors of 236101118.
2, 11, 23, 466603
What are the prime factors of 307003380?
2, 3, 5, 67, 76369
List the prime factors of 1692354080.
2, 5, 17, 622189
What are the prime factors of 81630568?
2, 587, 17383
List the prime factors of 152669685.
3, 5, 7, 1453997
List the prime factors of 3499244438.
2, 37, 149, 317363
List the prime factors of 147122988.
2, 3, 12260249
List the prime factors of 200118472.
2, 127, 431, 457
List the prime factors of 23486639.
11, 17, 125597
List the prime factors of 3921697130.
2, 5, 13, 30166901
What are the prime factors of 56311837?
17, 311, 10651
List the prime factors of 293157323.
173, 1694551
What are the prime factors of 449771753?
113, 3980281
What are the prime factors of 58915767?
3, 19638589
List the prime factors of 4927072.
2, 79, 1949
List the prime factors of 60043599.
3, 7, 11, 3209
What are the prime factors of 1143198205?
5, 1951, 117191
What are the prime factors of 1131168815?
5, 7, 643, 50263
What are the prime factors of 15465024?
2, 3, 26849
List the prime factors of 3482793070.
2, 5, 109, 3195223
List the prime factors of 711655680.
2, 3, 5, 185327
List the prime factors of 50727361.
50727361
List the prime factors of 59229780.
2, 3, 5, 61, 16183
List the prime factors of 1206346626.
2, 3, 101, 663557
List the prime factors of 479659295.
5, 95931859
List the prime factors of 65720570.
2, 5, 47, 139831
What are the prime factors of 223390057?
11, 20308187
List the prime factors of 32775208.
2, 59, 69439
What are the prime factors of 87678646?
2, 11, 3985393
What are the prime factors of 457405717?
41, 67, 269, 619
What are the prime factors of 249773132?
2, 7, 739, 12071
What are the prime factors of 200583970?
2, 5, 20058397
What are the prime factors of 19996488?
2, 3, 17, 31
List the prime factors of 285739492.
2, 71434873
List the prime factors of 220025978.
2, 89, 859, 1439
List the prime factors of 1062659711.
61, 719, 24229
List the prime factors of 150452950.
2, 5, 59, 51001
List the prime factors of 78380344.
2, 7, 463, 3023
What are the prime factors of 70823353?
1609, 44017
List the prime factors of 1710545422.
2, 251, 449, 7589
List the prime factors of 348716757.
3, 113, 1028663
List the prime factors of 1508693710.
2, 5, 389, 387839
List the prime factors of 93536237.
79, 1184003
List the prime factors of 307049877.
3, 5581, 6113
List the prime factors of 914719239.
3, 7, 14519353
What are the prime factors of 296398065?
3, 5, 19759871
List the prime factors of 8656965.
3, 5, 192377
List the prime factors of 1652427527.
8929, 185063
List the prime factors of 527795937.
3, 313, 187361
List the prime factors of 155884679.
17, 67, 136861
List the prime factors of 175041912.
2, 3, 29, 47, 5351
What are the prime factors of 399226164?
2, 3, 17, 1956991
What are the prime factors of 296238547?
11, 89, 302593
What are the prime factors of 73496704?
2, 61, 9413
List the prime factors of 6700015.
5, 7, 23, 29, 41
What are the prime factors of 102937239?
3, 787, 14533
List the prime factors of 146995765.
5, 7, 53, 109, 727
List the prime factors of 69199507.
13, 59, 83, 1087
List the prime factors of 30149948.
2, 1097, 6871
List the prime factors of 34451065.
5, 11, 67, 9349
What are the prime factors of 673278108?
2, 3, 56106509
What are the prime factors of 19184038?
2, 2633, 3643
List the prime factors of 2644053072.
2, 3, 19, 2899181
List the prime factors of 578808005.
5, 227, 509963
List the prime factors of 53012290.
2, 5, 17, 29, 10753
What are the prime factors of 84388495?
5, 23, 733813
List the prime factors of 2058850893.
3, 11, 62389421
List the prime factors of 1278305182.
2, 7, 11, 8300683
List the prime factors of 718439106.
2, 3, 7, 11, 59, 26357
What are the prime factors of 13614551?
23, 591937
List the prime factors of 832482599.
13, 131, 488833
List the prime factors of 48205082.
2, 24102541
List the prime factors of 69618058.
2, 34809029
List the prime factors of 49493300.
2, 5, 494933
List the prime factors of 1086161354.
2, 543080677
List the prime factors of 44683898.
2, 7, 3191707
List the prime factors of 398679595.
5, 967, 82457
List the prime factors of 4164309984.
2, 3, 29, 467, 3203
List the prime factors of 1047748257.
3, 5791, 6701
What are the prime factors of 86734867?
17, 19, 268529
What are the prime factors of 56482189?
1439, 39251
List the prime factors of 166607787.
3, 55535929
List the prime factors of 86208328.
2, 73, 147617
What are the prime factors of 2984150459?
2984150459
List the prime factors of 2070689398.
2, 823, 1258013
What are the prime factors of 214402890?
2, 3, 5, 13, 549751
List the prime factors of 1183746775.
5, 97, 488143
What are the prime factors of 672281036?
2, 7, 191, 125707
List the prime factors of 3221479475.
5, 23, 5602573
List the prime factors of 264516951.
3, 23, 43, 89153
List the prime factors of 566587435.
5, 1229, 92203
List the prime factors of 488647264.
2, 7, 2181461
List the prime factors of 784139836.
2, 953, 205703
List the prime factors of 1753847598.
2, 3, 7699, 37967
List the prime factors of 141847296.
2, 3, 191, 967
What are the prime factors of 2853026309?
7, 17, 23975011
List the prime factors of 4625845244.
2, 2161, 535151
What are the prime factors of 1174171880?
2, 5, 7, 19, 220709
List the prime factors of 288745283.
12149, 23767
What are the prime factors of 1103387974?
2, 13, 42437999
What are the prime factors of 178716071?
19, 2087, 4507
List the prime factors of 1163945203.
617, 1886459
What are the prime factors of 53629488?
2, 3, 11, 33857
What are the prime factors of 459453593?
113, 293, 13877
List the prime factors of 753585396.
2, 3, 5851, 10733
List the prime factors of 173647813.
5333, 32561
What are the prime factors of 894697959?
3, 463, 644131
What are the prime factors of 19468470?
2, 3, 5, 7, 92707
List the prime factors of 4209949295.
5, 139, 43579
What are the prime factors of 2214160236?
2, 3, 5987, 10273
List the prime factors of 151019083.
151019083
List the prime factors of 504153841.
73, 6906217
List the prime factors of 223161039.
3, 24795671
What are the prime factors of 55271819?
773, 71503
List the prime factors of 54775077.
3, 7, 43, 60659
List the prime factors of 44171227.
41, 1077347
List the prime factors of 8429748.
2, 3, 73, 9623
What are the prime factors of 157342186?
2, 2333, 33721
List the prime factors of 962113794.
2, 3, 160352299
What are the prime factors of 100029251?
7, 14289893
What are the prime factors of 106038209?
106038209
What are the prime factors of 69953751?
3, 7, 449, 2473
What are the prime factors of 8244784801?
11, 2207, 339613
What are the prime factors of 85657502?
2, 7, 421, 14533
List the prime factors of 777984939.
3, 43, 670099
What are the prime factors of 1883719806?
2, 3, 107, 2934143
What are the prime 